test common divisor of 275517676 and 84?
28
Calculate the highest common divisor of 7175831 and 3964.
991
What is the highest common factor of 8080 and 79216?
16
Calculate the greatest common divisor of 192098929 and 748.
187
What is the greatest common factor of 65640 and 410520?
120
Calculate the highest common factor of 238280 and 11952640.
6440
What is the greatest common divisor of 3 and 42244833?
3
What is the highest common divisor of 261928571 and 1037?
1037
What is the greatest common divisor of 213611 and 324?
1
Calculate the greatest common divisor of 1158 and 319856777.
193
Calculate the greatest common factor of 8620734 and 9.
3
What is the greatest common divisor of 469603 and 2546?
67
Calculate the highest common divisor of 9 and 3498063.
3
What is the highest common factor of 484 and 72091921?
121
What is the highest common divisor of 1365 and 89362728?
273
What is the greatest common divisor of 4980184 and 68?
68
What is the highest common factor of 96900818 and 7?
7
Calculate the highest common factor of 82998 and 150626.
3074
Calculate the greatest common factor of 16011 and 1907681.
593
Calculate the greatest common divisor of 2421286 and 496.
62
Calculate the greatest common factor of 16371 and 2809071.
963
What is the greatest common divisor of 1551407591 and 137?
137
What is the highest common divisor of 89039 and 578257?
331
Calculate the greatest common factor of 108775908 and 180.
36
Calculate the highest common factor of 18760 and 18571060.
1340
Calculate the greatest common divisor of 3967458 and 154.
22
What is the highest common factor of 8998706 and 3874?
298
Calculate the greatest common factor of 13 and 2469397.
1
Calculate the greatest common factor of 102 and 610674.
102
What is the highest common factor of 65 and 38196405?
65
What is the highest common divisor of 3136 and 165586176?
448
Calculate the highest common factor of 8883 and 77637.
21
Calculate the highest common factor of 10673033 and 392.
49
What is the highest common factor of 1894 and 14003289?
947
Calculate the greatest common factor of 902 and 131282.
82
Calculate the highest common divisor of 380870878 and 239.
239
Calculate the greatest common divisor of 86336 and 246808.
8
Calculate the greatest common factor of 266 and 157696.
14
What is the greatest common divisor of 38 and 17687594?
38
What is the greatest common factor of 6968596 and 4771?
367
What is the highest common divisor of 615884780 and 26896?
6724
What is the greatest common factor of 9048 and 31746?
78
Calculate the greatest common factor of 3822 and 566358.
78
What is the greatest common factor of 10 and 323345010?
10
Calculate the greatest common factor of 14116550 and 56.
14
What is the highest common divisor of 43920 and 3087?
9
Calculate the greatest common divisor of 298098792 and 216.
216
Calculate the highest common divisor of 97672375 and 46.
23
What is the highest common divisor of 5 and 59435735?
5
Calculate the greatest common factor of 272 and 318041848.
136
Calculate the highest common factor of 15 and 1841737155.
15
What is the greatest common factor of 35430 and 35160?
30
Calculate the highest common divisor of 1446712 and 516497.
1301
What is the greatest common factor of 3 and 297195?
3
What is the highest common divisor of 366253 and 197825?
41
What is the greatest common divisor of 184889 and 6623?
37
Calculate the highest common divisor of 14122 and 13413140.
46
Calculate the greatest common divisor of 570668 and 3664.
916
What is the greatest common factor of 3264 and 747864?
408
Calculate the highest common factor of 585222 and 18.
6
Calculate the greatest common factor of 5972 and 2805347.
1493
What is the greatest common divisor of 243238 and 66158?
38
What is the highest common factor of 2463 and 29801479?
821
What is the greatest common divisor of 773908 and 1936708?
1292
What is the highest common divisor of 76211 and 6885888?
4483
What is the greatest common divisor of 1942058492 and 1294?
1294
Calculate the greatest common factor of 5282800 and 4215.
1405
What is the highest common divisor of 296 and 60717592?
296
What is the greatest common factor of 12313 and 14917?
7
What is the highest common divisor of 63297 and 254123389?
7033
What is the highest common divisor of 158393752 and 264?
88
What is the greatest common factor of 96962480 and 42320?
1840
What is the greatest common divisor of 682 and 555598461?
341
Calculate the highest common factor of 13711835 and 7385.
1055
What is the greatest common factor of 50685 and 5662005?
1635
What is the greatest common divisor of 1900035 and 3870?
45
What is the greatest common factor of 84999764 and 37116?
4124
Calculate the highest common divisor of 83034123 and 228.
57
Calculate the highest common divisor of 1792832 and 3504.
16
Calculate the highest common factor of 83979725 and 1091.
1091
What is the highest common divisor of 804 and 13723074?
402
Calculate the greatest common divisor of 80168 and 162536.
88
What is the greatest common divisor of 744 and 950196?
12
Calculate the greatest common factor of 36 and 34154376.
12
Calculate the greatest common divisor of 18760656 and 81992.
2216
Calculate the greatest common factor of 7047997 and 121.
11
What is the greatest common divisor of 16203810 and 980?
490
What is the greatest common factor of 63883240 and 2280?
40
Calculate the highest common divisor of 1600929 and 1317267.
927
What is the highest common factor of 1346463 and 729?
729
Calculate the highest common divisor of 2762 and 34280.
2
What is the highest common factor of 95346 and 534?
6
What is the highest common factor of 765 and 5232270?
15
What is the highest common factor of 1899319019 and 13?
13
What is the highest common divisor of 718307 and 13755043?
10721
Calculate the highest common divisor of 29355696 and 18.
18
What is the greatest common divisor of 2570 and 5003420?
10
Calculate the highest common factor of 321005620 and 20.
20
Calculate the highest common factor of 18633978 and 3960.
198
Calculate the greatest common divisor of 69841613 and 1563.
521
Calculate the highest common divisor of 704683205 and 7265.
7265
Calculate the highest common factor of 100215 and 210460.
85
Calculate the highest common factor of 492919815 and 870.
435
Calculate the greatest common divisor of 3614 and 4128578.
278
Calculate the greatest common divisor of 30 and 15101190.
30
Calculate the highest common divisor of 15261 and 5523.
3
What is the greatest common factor of 471 and 568848?
3
Calculate the greatest common factor of 14405 and 58491.
67
What is the highest common factor of 201008 and 202151233?
12563
What is the greatest common factor of 4118280 and 960?
120
Calculate the greatest common divisor of 1854 and 11241.
9
Calculate the greatest common factor of 3 and 729841.
1
What is the highest common factor of 377643 and 6566049?
1029
What is the highest common divisor of 23896728 and 33602?
634
Calculate the highest common factor of 7528778 and 1256.
314
What is the greatest common divisor of 983411 and 497536?
3887
Calculate the greatest common divisor of 10 and 532427110.
10
What is the highest common divisor of 754 and 27749578?
58
What is the highest common divisor of 16215588 and 20881?
2983
What is the highest common factor of 3333774 and 78366?
222
Calculate the highest common divisor of 3990 and 10590790.
1330
Calculate the greatest common factor of 37786457 and 9924.
827
What is the greatest common divisor of 20 and 4830684580?
20
What is the greatest common factor of 833 and 1402381?
17
What is the highest common factor of 669 and 407313514?
223
Calculate the greatest common factor of 9765864 and 3672.
72
Calculate the greatest common divisor of 2096219 and 4403.
17
What is the highest common divisor of 3332186 and 65?
13
Calculate the highest common factor of 272 and 491369.
1
Calculate the greatest common divisor of 17940 and 487500.
780
What is the highest common factor of 5047820 and 110?
10
What is the greatest common factor of 2069595 and 6327?
333
Calculate the greatest common divisor of 352880 and 16880.
80
Calculate the greatest common divisor of 75 and 26973475.
25
Calculate the highest common divisor of 1726704 and 105.
21
Calculate the highest common factor o